be 1558/((7 + -6)*2). Let g = n - 780. Determine k(g).
1
Let t(o) be the third derivative of o**4/24 + 13*o**3/6 + 298*o**2. Give t(-13).
0
Let b be ((-16)/(-6))/((-6)/(-9)*1). Suppose -b*y + 3*u = 35, -3*y - 36 = -2*u - 10. Let n(i) = -i**3 - 6*i**2 + 12*i + 9. What is n(y)?
41
Let l(p) = -11*p**3 - 4*p**2 - 6*p - 3. Let g be 26/((-546)/(-189))*6/(-27). Calculate l(g).
81
Let t(z) = -93*z + 47. Let g(i) = -627*i + 327. Let p(u) = 4*g(u) - 27*t(u). Determine p(0).
39
Let r(a) = -a**2 + 8*a + 82. Let l be r(-6). Let s(d) = 8*d + 5. Determine s(l).
-11
Let f(d) = d**3 + 8*d**2 - 4*d + 39. Let i be f(9). Let z(n) = 3*n + 0*n + i*n**3 - 1379*n**3 + 3 + 5*n**2. Give z(-4).
7
Let l(v) = v**3 + 19*v**2 + 36*v + 39. Let d = 193 - 210. Let g be l(d). Let s(r) = -r**2 + 5*r - 4. Give s(g).
-4
Let k(w) = -w**2 - 7*w - 8. Let u(n) = n**3 + 7*n**2 + 6*n + 6. Let a be u(-6). Let l(o) = -2*o**2 + 9 + 7*o - 15 + 5*o. Let f be l(a). Calculate k(f).
-2
Suppose 4*x - 10*h = -15*h + 46, -2*x - 2*h + 22 = 0. Let o(i) = 10*i - 86. Calculate o(x).
4
Let c(y) = -y**2 - 2*y. Let p be ((-6)/204*-17)/(1/14). Suppose -a + 2*g - p*g = 23, 5*a - 5*g = 5. Calculate c(a).
-3
Suppose -4*k = -5*d - 32, -7*d + 3*d = 2*k + 10. Let o(s) = 2*s**3 - 3*s + 3. What is o(k)?
48
Let y(v) = 8*v**2 + v. Let f(b) = b**2. Let i(z) = 2*f(z) - y(z). Let j = -687 - -687. Suppose 4*k + 5 - 1 = 2*t, -k - t - 4 = j. Calculate i(k).
-22
Let d(n) = -n**2 - 8*n - 23. Let a be d(-8). Let w = a + 16. Let h(p) be the first derivative of p**4/4 + 7*p**3/3 + p**2/2 - 7*p + 31. Calculate h(w).
-14
Let b(c) be the first derivative of -c**4/4 - 8*c**3/3 - 11*c**2/2 - 4*c + 2629. Determine b(-7).
24
Suppose 2*a - u - 40 + 26 = 0, 0 = 4*a + 3*u + 2. Let b(k) = -k**3 + 3*k**2 + 7*k - 13. Calculate b(a).
-1
Let j = -59 - -67. Suppose 11*p - j*p - 210 = 0. Suppose -10*z + 0*z - p = 0. Let d(m) = -m**2 - 6*m + 2. What is d(z)?
-5
Let i(x) = -1390*x + 15 + 7 - 1388*x + 2779*x - 9. Suppose -o - 36 = 2*o. Calculate i(o).
1
Let j(w) be the first derivative of w**3/3 + 3*w**2 + 8*w - 579. Let p be 297/(-55) + 4/10. Determine j(p).
3
Let g be (3 + 0)/(9/(-12)). Let f be (-154)/(-49) - -4*3/(-84). Let j(o) = 20*o**3 - 4 - 33*o**3 + 14*o**f + 4*o**2 - o. Determine j(g).
0
Let h(m) be the second derivative of -10*m**3/3 - 77*m**2 - 14349*m. What is h(-8)?
6
Let b(k) be the third derivative of -86 + 1/24*k**4 - 1/6*k**3 + 0*k + 2*k**2 + 3/20*k**5. Give b(1).
9
Let s(i) = i**2 + 11*i + 2. Suppose 19 = 4*m - 1. Let a be -1*4/8*(m - -1). Let t be 0 - ((-45)/a + -4). What is s(t)?
2
Let w(k) = -2*k**2 + 139*k - 401*k + 114*k + 142*k - 4. Determine w(-3).
-4
Let a(o) = o + 24. Suppose -176*i + 9*i = 406 + 2767. Determine a(i).
5
Let g be 759/207 - (-1 - 4/(-6)). Suppose 3*b = g*x + 20, 3 = -x + 1. Let n be (-1)/b + 444/48. Let k(q) = -q**3 + 10*q**2 - 8*q - 13. Determine k(n).
-4
Let s(q) = -q**2 - 2*q + 28. Suppose -6 = 9*w + 2 + 46. Determine s(w).
4
Let v(i) = i**3 + 171 + 173 - 341 - 5*i - 3*i**2. Suppose -t - 3*q + 5 + 15 = 0, -25 = -5*q. Give v(t).
28
Let f(w) = 3*w**2 + 89 + w**2 - 6*w - 80. Let o(d) = -d**2 + 3*d - 3. Let h(j) = 4*f(j) + 14*o(j). Give h(-9).
-6
Let w(i) = 2*i**2 - 2. Let q be w(2). Let c(b) = -b**2 - 103*b - 15. Let d(m) = -m**2 - 125*m - 17. Let g(x) = -6*c(x) + 5*d(x). Give g(q).
-1
Let p(z) = 2*z**3 - 10*z**2 + 6*z + 9. Suppose 4*a + 4 = -4*k, 3*a = -2*k - 370 + 363. Calculate p(k).
1
Suppose 4*j + 3*s + 4 = 19, 4*j = 2*s - 10. Let a(y) be the first derivative of y**3/3 + y**2/2 + 14*y - 100. What is a(j)?
14
Suppose 4*w + 5*b + 8 - 49 = 0, 32 = 3*w + 5*b. Let v = -119 - -122. Let c(i) = -w*i**2 + 7*i - v + 13*i**2 - 5*i**2. What is c(6)?
3
Suppose 4*v = 20, 5*v = h - 0*h + 25. Let o(b) = -107*b - 16 - 100*b - b**2 - 118*b + 437*b - 111*b. What is o(h)?
-16
Let f(h) = -h**3 + 75*h**2 - 4 - 83*h**2 + 6*h + 2*h**3. Let p be f(7). Let w(b) = b + 16. Determine w(p).
5
Let s(y) = 2962 - 93*y**2 - 8*y - 2968 + 2*y. Let h(u) = -19*u**2 - u - 1. Let p(r) = -11*h(r) + 2*s(r). Determine p(-1).
23
Let w(o) = o**3 - o**2 - o + 22. Let y(c) = c**3 + 4*c**2 - 5*c. Suppose -2*d = -6*d. Let g be d + -3 + -1*2. Let j be y(g). What is w(j)?
22
Let i(l) = -2*l**3 - 13*l**2 - 2*l + 1. Let r(d) = 2*d**2 - 353*d - 3345. Let z be r(-9). What is i(z)?
-23
Let z(c) = -2*c + 15. Let h(k) = 8*k**2 + 101*k - 32. Let y be h(-13). What is z(y)?
1
Let w(y) be the second derivative of -y**5/20 + y**4/4 + y**3/6 - 7*y**2/2 - 64*y + 4. Determine w(4).
-19
Let j(u) = -u + 7. Let i(d) = 48*d - 9. Let b(k) = 91*k - 18. Let q(s) = -10*b(s) + 19*i(s). Let y = 0 + -2. Let t be q(y). Determine j(t).
2
Let g = -103 - 36. Let j = g - -75. Let z = -64 - j. Let c(a) = -a**2 + 24. What is c(z)?
24
Suppose -10051*t - 416 = -10067*t. Let q(w) = w**2 - 31*w + 128. Calculate q(t).
-2
Let d(c) be the first derivative of -48 - 5/2*c**2 + 0*c + 1/3*c**3. Suppose -2*v + 34 = v + 4*w, -14 = -5*v + 4*w. Calculate d(v).
6
Let j(p) = -3*p + 10. Let n(l) = -7. Let b(v) = -2*j(v) - 3*n(v). Calculate b(1).
7
Let g = -906 - -1914. Suppose g*v - 56 = 1022*v. Let y(n) be the first derivative of -n**2 - n - 1. Calculate y(v).
7
Let o(w) = w**3 - 8*w**2 + 7*w + 4. Let x = -965 - -476. Let a = x - -496. Give o(a).
4
Let w = 565 - 564. Let z(j) = -4*j + 5 - 23 - w + 10. Determine z(-6).
15
Let l be (-1600)/(-1400) - (-34)/7. Let j(g) = 4*g - 26. What is j(l)?
-2
Let k(z) = z**3 + 7*z**2 - z + 15. Let b(r) = -r**3 - 5*r**2 + r - 14. Let d(u) = -4*b(u) - 3*k(u). Give d(0).
11
Let v(u) = 2*u + 10 - 2*u + 3 + 4*u - u**2. Let y be (-8 + 11)*1/(2/4). Give v(y).
1
Let w(m) = 135*m**2 - 138*m + 527. Let k(x) = -98*x**2 + 104*x - 395. Let n(s) = -11*k(s) - 8*w(s). What is n(3)?
-9
Let c(v) be the second derivative of -v**5/10 - v**4/12 - v**2 - v - 711. Let l(r) = 7*r - 30. Let o be l(4). Determine c(o).
10
Let k(r) = 41*r - 8*r - 42 + 53*r**2 + 64*r**2 - 120*r**2. Calculate k(9).
12
Suppose -2*b = -3*b - 7. Let w(r) = -16*r - 18*r - 15*r - 13 + 48*r + 2 - 5. Determine w(b).
-9
Let d(i) = -121*i - 119*i - 3 + 28 + 368*i - 119*i. Calculate d(3).
52
Let o = 5 - 2. Let u(x) = -1 - 2*x**o + 2*x - 14*x**2 + 14*x**2. Determine u(-2).
11
Let d(g) = 4*g - 14. Let n = -1778 + 1785. Determine d(n).
14
Suppose 2*c - 19 = -8*a + 5*a, 4*c = 5*a + 5. Let p(v) = -a*v - 2*v - 5*v + 12*v. Let y = -5 + 4. Give p(y).
-2
Let w(r) be the third derivative of r**6/120 + 7*r**5/30 + 7*r**4/12 + 23*r**3/6 + 13*r**2 - 17. Calculate w(-13).
10
Let c(t) = 27*t**3 - 3*t**2 - 6*t - 6. Let o(x) = -8*x**3 + x**2 + 2*x + 2. Let f(p) = -3*c(p) - 10*o(p). Let s = 3 - 4. Determine f(s).
0
Let i(r) = r**2 - 5*r - 2. Let j be i(6). Let d = -24 - -26. Let b(z) = z**d - 2*z**2 - 6*z + 1 - z**2 + z**3. Give b(j).
9
Let p(k) = -k**3 - 5*k**2 + 3. Suppose 21*l - 352 = -4342. Let t = l - -185. Give p(t).
3
Let l(z) be the second derivative of -13*z**5/20 - z**4/12 - z**3/3 - z**2/2 - 190*z. Let j(t) = -3*t - 11 + 0 + 2*t. Let x be j(-10). Calculate l(x).
13
Let i(j) be the second derivative of j**5/60 + j**4/6 + 5*j**3/2 + 38*j. Let p(g) be the second derivative of i(g). Suppose 5*x - 1 = 19. Determine p(x).
12
Let y(u) = -u**2 + 3*u - 1. Let d be -6*(4/(-20) + (-6)/20). Suppose -d*a = 22 - 76. Let j be 11/6 - (-3)/a. What is y(j)?
1
Let r(f) = -f**2 + 3*f + 10. Let o = -209 - -165. Let v be (-30)/(-4)*o/(-55). What is r(v)?
-8
Let v(w) = 91990*w + 4 - 26 - 91984*w + 0. What is v(22)?
110
Let o be 2*(-3)/2*176/(-264). Let q(l) be the second derivative of 0 - 5/6*l**3 - 2*l + 3*l**o - 1/12*l**4. Determine q(-7).
-8
Suppose i = -i. Let x(b) = 4*b + 40 - 2*b**2 + b**2 - 6*b + 3*b - 16*b**3 + 10*b**3 + 5*b**3. Give x(i).
40
Let d(r) = 0*r - 2*r + 1 + 4*r - 2. Suppose -x - 11 = -w, 3 = 5*w + 3*x - 12. Give d(w).
11
Let g = -4 + 6. Let l(z) = 3*z - 6*z + 13*z + 12 - z**g + 2*z**2. Suppose -5*k + 19 = 27*y - 28*y, 4*y + k + 34 = 0. Give l(y).
3
Let p(o) = 3*o**2 - 448 + 215 + 224. What is p(4)?
39
Let y(z) = -38*z - 293. Let l(v) = -18*v - 144. Let j(h) = 5*l(h) - 3*y(h). Give j(-7).
-9
Let m(g) = -g**3 - g**2 + 3*g - 4. Let u = -248 - -251. Suppose -u*c - 9 = 0, 2*c + 10 + 2 = -2*w. What is m(w)?
5
Let m = 185 - 183. Let f(l) = l**m + 5 - 12 + 3. Calculate f(0).
-4
Let d(l) = 2*l**2 - 9*l + 15. Suppose 5*a = -k + 5*k -